r(q) = -q**3 + 10*q**2 + 30*q - 362. What is r(8)?
6
Let f(b) = 4*b - 148. Determine f(41).
16
Let t(g) = 142*g + 1342. Calculate t(-9).
64
Let t(q) = -1489*q + 8968. Determine t(6).
34
Let p(b) = b**2 - 16*b - 10. Calculate p(13).
-49
Let n(p) = -p**2 - 30*p - 90. Determine n(-24).
54
Let x(d) = 5*d - 39. Determine x(21).
66
Let d(o) = -62*o**2 - 6*o + 13. Give d(2).
-247
Let i(r) = 59*r + 11512. What is i(-195)?
7
Let d(m) = -m**3 - 4*m**2 - 14*m - 101. Determine d(-6).
55
Let r(s) = -167*s + 519. Calculate r(4).
-149
Let m(c) = -3*c**2 + 118*c + 95. Give m(40).
15
Let o(k) = -5*k - 56. Give o(4).
-76
Let i(r) = -r**3 - 23*r**2 - 139*r - 90. What is i(-11)?
-13
Let b(k) = -151*k**3 - k + 1. Give b(1).
-151
Let l(z) = z**3 - 21*z**2 + 54*z - 296. Calculate l(17).
-534
Let k(d) = d**3 + 98*d**2 - 118*d - 1883. Give k(-99).
-2
Let x(c) = -251*c - 747. Calculate x(-3).
6
Let q(k) = 19*k - 421. Determine q(19).
-60
Let x(a) = -a**2 + 84*a + 66. What is x(85)?
-19
Let q(r) = -19*r - 382. What is q(-19)?
-21
Let a(y) = -379*y - 3415. Determine a(-9).
-4
Let a(s) = 4*s**2 - 23*s + 27. What is a(8)?
99
Let v(m) = 204*m + 3884. Give v(-19).
8
Let y(q) = q**3 + 12*q**2 + 20*q + 100. Determine y(-11).
1
Let z(n) = -493*n + 2663. Determine z(6).
-295
Let b(w) = -8*w**2 + 39*w - 1. Calculate b(4).
27
Let x(m) = m**3 + 41*m**2 - 95*m - 3905. Give x(-41).
-10
Let o(a) = -a**3 + 23*a**2 - 45*a + 82. Give o(21).
19
Let v(o) = 57*o - 4. Determine v(-1).
-61
Let g(z) = -z**3 - 6*z**2 + 17*z + 25. Give g(-7).
-45
Let v(x) = x**3 - 45*x**2 + 96*x - 426. Calculate v(43).
4
Let c(u) = 408*u + 2846. Calculate c(-7).
-10
Let a(v) = v**3 - 77*v**2 + 105*v - 2200. Calculate a(76).
4
Let k(z) = 18*z**2 - 59*z + 96. Give k(4).
148
Let u(i) = -7*i**2 - 7*i - 12. Give u(-3).
-54
Let u(y) = -y**3 - 21*y**2 - 4*y - 81. Give u(-21).
3
Let g(c) = -2*c**3 - 16*c**2 + 18*c - 51. Determine g(-9).
-51
Let s(o) = -o**2 + 3120*o - 27997. Calculate s(9).
2
Let d(l) = -1151*l - 1157. What is d(-1)?
-6
Let y(w) = -w**2 - 66*w + 10. What is y(-69)?
-197
Let i(r) = 56*r - 1. What is i(-7)?
-393
Let p(c) = c**3 - c**2 - 5*c + 6. Give p(5).
81
Let l(u) = -5*u**3 + 4*u**2 + 3*u + 9. What is l(2)?
-9
Let c(p) = -583*p + 3489. Calculate c(6).
-9
Let r(b) = -5*b**3 + 50*b**2 + 6*b - 44. Give r(10).
16
Let y(c) = -c**3 + 9*c**2 + 35*c + 65. Determine y(12).
53
Let a(n) = -195*n - 2532. Give a(-13).
3
Let s(c) = c**2 + 10. Determine s(4).
26
Let c(t) = -11*t**3 + 2*t**2 - 23*t + 50. Give c(2).
-76
Let q(y) = -y**2 - y - 25. Determine q(-14).
-207
Let b(l) = l**3 + 8*l**2 + 11*l - 9. What is b(-2)?
-7
Let b(d) = -41*d + 666. Determine b(17).
-31
Let o(t) = -30*t + 24. What is o(0)?
24
Let h(q) = -527*q - 11084. What is h(-21)?
-17
Let c(d) = -d**3 - 21*d**2 + 12*d + 240. Give c(-21).
-12
Let m(a) = -5*a**3 + 163*a**2 + 60*a + 204. What is m(33)?
6
Let y(a) = 33*a**2 + 59*a - 1. Calculate y(-3).
119
Let y(c) = 6*c + 88. Give y(-11).
22
Let v(s) = -s**2 - 39*s - 238. Determine v(-32).
-14
Let c(s) = 2*s**2 - 433*s + 7502. Give c(19).
-3
Let c(h) = 202*h - 5673. Give c(28).
-17
Let q(r) = r**3 - 24*r**2 + 11*r - 2. What is q(23)?
-278
Let t(m) = -4*m + 34. Give t(6).
10
Let q(t) = -t**3 + 12*t**2 + 290*t - 10. Give q(-12).
-34
Let k(b) = 4*b**2 - 34*b - 116. Calculate k(-3).
22
Let p(x) = 44*x**3 - 7*x**2 + 7*x - 5. Give p(2).
333
Let v(h) = h**3 - 49*h**2 + 59*h - 525. Determine v(48).
3
Let g(o) = -o**3 + 16*o**2 + 3*o + 72. What is g(17)?
-166
Let v(q) = -q**3 - 30*q**2 - 22*q + 200. Determine v(-29).
-3
Let t(j) = -19*j - 296. Determine t(-19).
65
Let b(q) = q**3 + 40*q**2 - 81*q + 140. Determine b(-42).
14
Let d(w) = 3*w**3 - 15*w**2 - 29*w + 110. Determine d(2).
16
Let v(b) = b**3 - 264*b**2 + 6400*b - 241. Calculate v(237).
-4
Let o(j) = -3*j**3 + 39*j**2 - 8*j - 354. Give o(12).
-18
Let w(s) = -3*s**2 - 4057*s - 12160. What is w(-3)?
-16
Let w(v) = -v**3 + 44*v**2 + 1034*v - 56. Determine w(-17).
-5
Let v(g) = g**2 + 19*g - 255. Determine v(-28).
-3
Let t(g) = 4467*g + 17833. Give t(-4).
-35
Let r(m) = 780*m + 21805. Determine r(-28).
-35
Let f(g) = 5*g**3 - 7*g**2 + 3*g + 1. What is f(3)?
82
Let b(t) = 23*t + 27. Give b(-2).
-19
Let w(g) = 3*g**2 + 8*g + 2. Calculate w(-2).
-2
Let p(o) = -o**3 + 22*o**2 - 32*o + 99. Determine p(22).
-605
Let m(z) = 385*z**2 + 4*z + 5. Give m(-1).
386
Let v(r) = -621*r + 19861. What is v(32)?
-11
Let k(y) = 25*y - 316. What is k(13)?
9
Let d(j) = -2*j**3 + 55*j**2 - 23*j - 98. Give d(27).
10
Let t(l) = 132*l - 5295. Determine t(40).
-15
Let r(k) = 80*k - 1769. Calculate r(22).
-9
Let v(m) = -m**3 - m**2 + 42*m + 8. Calculate v(-7).
8
Let x(n) = n**2 + 211*n + 3303. Determine x(-17).
5
Let f(g) = 54*g - 262. Determine f(5).
8
Let z(a) = 15*a - 13. Determine z(-7).
-118
Let c(n) = 266*n - 491. Calculate c(3).
307
Let z(r) = -37*r + 1591. What is z(43)?
0
Let i(b) = b**3 - 37*b**2 + 237*b - 125. What is i(29)?
20
Let v(s) = 2*s**3 + 88*s**2 - 91*s - 52. Calculate v(-45).
-7
Let k(p) = -25*p + 156. Determine k(7).
-19
Let c(o) = 7614*o + 38085. Give c(-5).
15
Let k(a) = a**3 + 43*a**2 + 3*a + 98. Give k(-43).
-31
Let j(m) = 6*m**2 - 34*m + 45. Give j(-10).
985
Let b(m) = m**3 + 3*m**2 - 140*m - 426. Determine b(-3).
-6
Let r(n) = n**2 - 954*n + 4745. What is r(5)?
0
Let y(b) = 5*b - 8. Give y(-13).
-73
Let o(k) = 5*k**3 - k**2 + 2*k + 2. Calculate o(-1).
-6
Let b(y) = 2*y**2 + 110*y - 32553. What is b(-158)?
-5
Let l(y) = 32*y**2 + 26*y. Give l(-1).
6
Let n(o) = -o + 35. Give n(6).
29
Let z(m) = -m**3 - 88*m**2 + 263*m - 908. What is z(-91)?
2
Let c(r) = r**3 + 10*r**2 - 3*r - 5. Calculate c(-11).
-93
Let c(w) = w**2 - 16*w - 187. Determine c(21).
-82
Let b(t) = -3*t**2 + 444*t + 907. Give b(150).
7
Let h(n) = 1772*n + 21271. Determine h(-12).
7
Let q(y) = 2*y**3 - 2*y**2 - 3*y - 23. Determine q(-3).
-86
Let w(t) = -t**2 + 36*t - 230. Give w(8).
-6
Let m(h) = 3*h**2 - 95*h - 218. Give m(-2).
-16
Let p(f) = f**3 + 9*f**2 - 4*f - 83. Determine p(-10).
-143
Let t(n) = -n**2 - 7*n - 3. What is t(-8)?
-11
Let c(m) = -9*m**2 - 145*m + 121. What is c(-17)?
-15
Let a(h) = h**3 + 8*h**2 + 6*h - 7. Determine a(-7).
0
Let s(q) = -q**3 - 9*q**2 + 8*q - 77. Calculate s(-10).
-57
Let r(b) = -38*b + 163. Give r(5).
-27
Let r(n) = -n**2 - 304*n + 47111. Calculate r(113).
-10
Let i(v) = 36*v**2 - 208*v + 1. Determine i(6).
49
Let x(m) = -m**2 + 47*m - 503. Give x(30).
7
Let p(u) = -4*u**2 - 87*u - 61. Determine p(-21).
2
Let i(o) = -444*o - 3113. Give i(-7).
-5
Let m(l) = 2*l**2 + 3063*l + 15267. Calculate m(-5).
2
Let x(y) = -633*y - 60767. What is x(-96)?
1
Let g(q) = q**3 - 49*q**2 + 394*q - 150. Determine g(39).
6
Let w(p) = 5*p**2 + 86*p - 111. What is w(-13)?
-384
Let k(j) = -33629*j - 1. Determine k(0).
-1
Let u(x) = 5*x**3 - 186*x**2 + 222*x - 216. Calculate u(36).
0
Let o(f) = -f**2 - 36*f - 265. Calculate o(-9).
-22
Let j(m) = 9*m**2 + 66*m + 12. Calculate j(0).
12
Let x(g) = 262*g - 6455. Give x(24).
-167
Let w(g) = 10*g**2 + 3000*g + 2992. Determine w(-299).
2
Let r(g) = 53*g + 23. Determine r(0).
23
Let l(q) = 9*q**2 + 38*q + 35. Give l(-2).
-5
Let u(z) = -2*z**2 - 133*z + 989. Give u(7).
-40
Let s(b) = 6*b**2 + 95*b - 15. Give s(-14).
-169
Let p(a) = -a**3 + 27*a**2 + 28*a + 92. Determine p(28).
92
Let f(d) = -60*d - 1039. Give f(-17).
-19
Let s(y) = -y**3 + 18*y**2 + 140*y + 77. What is s(24)?
-19
Let h(y) = y**3 + 14*y**2 + 45*y + 631. Determine h(-14).
1
Let p(o) = -727*o - 11629. Give p(-16).
3
Let q(c) = -c**2 - 4512*c + 136262. Give q(30).
2
Let b(l) = -6*l**3 + 2*l**2 + 6*l - 9. Determine b(3).
-135
Let u(t) = -315*t + 282. What is u(1)?
-33
Let t(y) = -y**2 + 469*y - 54913. Determine t(244).
-13
Let t(q) = 51*q**2 - 261*q + 30. Determine t(5).
0
Let i(x) = x**2 + 1856*x - 9280. What is i(5)?
25
Let g(c) = -14*c**2 + 1170*c - 1159. Give g(1).
-3
Let s(i) = i**3 + 12*i**2 + 36*i + 68. Calculate s(-7).
61
Let s(n) = n**3 + 9*n**2 - 7*n + 4. Calculate s(-10).
-26
Let k(z) = 3*z**3 - 53*z**2 - 184*z + 3004. What is k(18)?
16
Let x(s) = 157*s - 21. Calculate x(2).
293
Let j(d) = -d**2 - 36*d - 44. Calculate j(-30).
136
Let c(g) = -57*g**2 + 575*g - 24. Calculate c(10).
26
Let k(m) = -2*m**3 - 26*m**2 + 17*m + 210. What is k(-13)?
-11
Let g(p) = -9*p**2 - 3*p